-12)*-1). Suppose 7*f - 2*f + b - 15 = 0, -b = h*f - 7. Let l(z) = 9*z - 2. Let m(c) = -4*c + 2. Let x(n) = -3*l(n) - 7*m(n). Give x(f).
-4
Let j(x) = -x**2 + 7*x + 121. Suppose 0 = -18*z + 20*z - 3*p - 39, -4*z = -2*p - 66. Give j(z).
1
Let q(s) = -5*s + 5. Suppose 0 = 2*p + 2*d + 2*d + 8, 4*d = p + 10. Calculate q(p).
35
Let b(z) = -z**3 + z**2 + 2*z + 4. Let x be b(0). Suppose -89 = x*c + 227. Let v = c - -86. Let k(i) = i**3 - 6*i**2 - 6*i - 1. Give k(v).
6
Let u be -1*(-1 - -2 - -6). Let o be (-168)/(-7)*(-2)/(-3). Let h(z) = o*z - 287 - 17*z + 278. Give h(u).
-2
Let g = 7453 - 7419. Let l(k) = -2*k**2 + 70*k - 64. Give l(g).
4
Let t(s) be the third derivative of 4*s**5/15 + s**4/12 - s**3/6 - 1272*s**2. Determine t(1).
17
Let h(a) be the first derivative of a**3 + 2*a**2 + 2*a + 2. Let x be ((-83490)/(-575))/(-66) + 1*(-2)/(-10). What is h(x)?
6
Let o(i) = 68*i**2 + 28*i**2 - 138*i**2 + 34*i**2 - i + 1. What is o(1)?
-8
Let k be 12/(-9) - -1 - (-16)/3. Suppose -4*v + k*o = v - 10, 5*o = -3*v + 14. Let r(z) = 53*z**3 - 3*z**2 - 8*z - 2*z**2 - 52*z**v + 3. What is r(6)?
-9
Let b(c) = c**2 + 18 - 185*c + 1 + 0 + 180*c. Give b(-7).
103
Let h(u) = -5*u + 5*u + 2 + u. Let y be (0/(1*(-3)/3))/1. Suppose -4*q - 12 = y, -q = 3*j - 6*q - 33. What is h(j)?
8
Let p(y) = -y**2 - y + 7. Let b(q) = -5*q**2 - 38*q + 411. Let s(i) = b(i) - 4*p(i). What is s(9)?
-4
Suppose -5*z = z - 1026. Let k(h) = -8*h**2 - 75 - h**3 - 6*h + z - 87. Calculate k(-7).
2
Let y(u) = 106*u + 105*u - 317*u - 7*u**2 + 4 + 107*u - 3. Give y(-2).
-29
Let f(b) = 10*b**2 - 4. Let j(v) = -1. Let x(n) = -f(n) + 5*j(n). Let i = 640 + -639. What is x(i)?
-11
Let i be (-1 + 1 + 0)/(-6 + 5). Let r = -65 + i. Let p = r + 66. Let c(o) = -15*o - 1. What is c(p)?
-16
Let j(x) = -7*x - 15. Let n(m) = -9*m - 19. Let h(v) = -17*v - 36. Let c(k) = -4*h(k) + 7*n(k). Let r(o) = 8*c(o) + 5*j(o). What is r(-3)?
-2
Let y(a) = -9*a**2 + 421*a + 99. Let u be y(47). Let m(o) = -o**2 + 6*o - 1. Let z(h) = -h**2 + 5*h. Let k(t) = 3*m(t) - 2*z(t). Determine k(u).
12
Let w(d) = -4*d**2 + 6*d**2 - d**3 - 5*d**2 + 58*d - 2*d**2 - 60*d. Let b(x) = -x**2 - 8*x + 9. Let z be b(-9). Let f be -1 + -2 + z/(-2). Determine w(f).
-12
Let i(j) = -5*j + 44. Let f(r) = -2*r + 15. Let u(w) = -8*f(w) + 3*i(w). Suppose -4*t + g = -4*g - 10, 6 = 3*t - 3*g. What is u(t)?
12
Let x(a) = -a**3 - 3*a**2 + 12*a + 29. Let l be x(-4). Let j(c) = 2*c**2 + 5*c + 4. What is j(l)?
7
Suppose -j - 2*u + 6 - 14 = 0, -4*u - 2 = -5*j. Let y be 3 - (-4 - 4/(j - 0)). Let h(f) = -2*f - 3. Determine h(y).
-13
Let o(s) = -s + 9. Let a(q) = q**2 - 7*q - 6 + 7*q + 3*q. Let y be a(-5). Suppose 0 = 5*n - y*x - 31, 3*n - 4*x = x + 16. Determine o(n).
2
Suppose 36*j = 40*j + y + 112, 3*j + 97 = -4*y. Let d(q) = -q**3 - 26*q**2 + 27*q + 4. Give d(j).
4
Let u = 47 - 52. Let k(h) be the first derivative of -1/3*h**3 + 2*h - 5/2*h**2 + 25. Give k(u).
2
Suppose 49 = -648*n + 641*n. Let l(s) = 4*s + 27. What is l(n)?
-1
Let q(n) be the third derivative of n**6/360 + n**5/120 - n**4/24 - 25*n**3/2 - 3*n**2 - 6. Let c(b) be the first derivative of q(b). Calculate c(-3).
5
Let l(x) = 11 - 8 - 10*x + 1 + 9*x**2 - 10*x - 11 - x**3. Give l(6).
-19
Let y(r) = -r**2 + 14*r - 15. Let a be y(13). Let s(t) = -45*t - 36. Let v(f) = 26*f + 20. Let i(u) = 5*s(u) + 9*v(u). Give i(a).
-18
Let u(x) = -526*x**2 + 130*x**2 - x**3 + 138*x**2 + 133*x**2 - 28*x + 86 + 137*x**2. Calculate u(10).
6
Let a be 10/(-10)*(5 - (-2 + 1)). Let d be a/(-33) + 31/11. Let t(r) = 3 + r - r**d - 2*r - 3*r + 5*r**2. Give t(4).
3
Let t = 813 + -807. Let x(n) = 53*n - 91. Let o(u) = -18*u + 32. Let h(m) = t*x(m) + 17*o(m). Determine h(1).
10
Let a(z) = 26*z - 55 - 47*z - 13*z**2 + 160 + 12*z**2. Give a(4).
5
Let s(z) be the third derivative of z**6/360 - z**5/60 + 269*z**3/6 - 3*z**2 - 45*z. Let h(f) be the first derivative of s(f). Give h(0).
0
Let t be -3 - 11/((-33)/114). Let u = t + -41. Let c(z) = -2*z - 10. Calculate c(u).
2
Let c(b) = b - 14*b**2 + 13*b**2 + 4 + 5*b. Let x(h) = h**2 - 93*h - 591. Let p be x(-6). Give c(p).
13
Let w = 4050 + -4025. Let b(x) = x**2 - 23*x - 58. Give b(w).
-8
Let k(z) = 2*z**2 - 7. Let s(l) = 6*l**2 - l - 8. Let j(q) = 5*k(q) - 4*s(q). Give j(2).
-51
Let y be -2 + (0 - -24)/(-8). Let t(n) = -n**2 - 6*n - 11. Give t(y).
-6
Let i(n) be the second derivative of n**4/12 - n**3/6 - 3*n**2 + 10087*n. Let s be (0 - 0)/(2/1). Let j = s - 0. Determine i(j).
-6
Let x(p) be the third derivative of p**7/840 - p**6/45 + 7*p**5/120 - 11*p**3 - p**2 + 1. Let g(u) be the first derivative of x(u). What is g(7)?
0
Suppose -16 = 4*u - 4*n, 0 = 5*u - 10*n + 6*n + 23. Let p be 11 + 2/(-2) + u. Let f(a) = a**3 - 3*a**2 - 2*a + 1. Give f(p).
-5
Let d(a) = -63*a - 49. Let l(j) = 35*j + 24. Let t(r) = 4*d(r) + 7*l(r). What is t(-14)?
70
Let c(r) = 718 - 1419 + 721 + 15*r + r**2. Determine c(-14).
6
Let d(u) = -4*u - 15. Let v(p) = 105*p - 1160. Let s be v(11). Determine d(s).
5
Let j(b) be the third derivative of b**5/5 + 3*b**4/8 + 7*b**3/3 + 46*b**2. Let u(y) = 5*y**2 + 5*y + 8. Let p(z) = -3*j(z) + 7*u(z). Calculate p(9).
5
Let x be (1 + -2)/(2/118). Let a = x + 57. Let c(f) = 4*f**2 - f. What is c(a)?
18
Let n(g) be the third derivative of -1/24*g**4 + 0*g + 69*g**2 - 1/2*g**3 + 0. Determine n(-3).
0
Let z(l) be the second derivative of l**3/2 + l**2/2 - 3*l. Let r(u) = -7*u + 4. Let c(p) = -6*p + 5. Let y(d) = 4*c(d) - 3*r(d). Let v be y(3). What is z(v)?
-2
Let h(b) = 52*b - 21. Let z(t) = -16*t + 7. Let n(o) = 6*h(o) + 19*z(o). Determine n(1).
15
Let b(t) = t - 4. Let v(l) = l**3 + 7*l**2 - l - 14. Let r be v(-7). Let o(q) = 3*q + 14. Let k be o(r). Let x be (k/(-4))/(75/(-20) - -4). What is b(x)?
3
Let l(p) = -p + 8 - 1 + 2*p**2 - 3*p**2. Suppose -2*t = -m + 1, 0*t - 3*t + 4 = 4*m. Suppose 0*r + 4*r - 2*n + 8 = 0, t = 5*r + 5*n - 20. What is l(r)?
7
Let d(z) be the third derivative of z**6/360 + z**5/15 - z**4/8 + 110*z**3/3 - 185*z**2. Let g(n) be the first derivative of d(n). What is g(-9)?
6
Let l(z) = 2*z**2 + 4*z + 2. Let d(s) be the second derivative of 2*s**3 - 7*s**2 + 47*s - 1. Let w be d(1). Determine l(w).
2
Let s(d) = d - 12. Let o = 5587 - 5593. Determine s(o).
-18
Let i(f) = -f**2 + 61*f - 117. Let u(q) = -60*q + 9059. Let m be u(150). What is i(m)?
1
Let n(b) = 20 + 63*b - b**2 - 53*b - b**2 + 3*b**2. Give n(-4).
-4
Let j(i) = 5 + 6*i - 3*i + 194*i**2 - 197*i**2 - i. Calculate j(-4).
-51
Let d(w) = -w**2 - 5. Let k(y) = -y**3 - 55*y**2 - 53*y + 57. Let c be k(-54). Give d(c).
-14
Let f(p) = p**2 - 11*p + 12. Let b(s) = -13*s**2 + 69*s - 248. Let m(t) = 3*t**2 - 17*t + 62. Let v(j) = 2*b(j) + 9*m(j). Let l be v(6). What is f(l)?
-12
Let o(s) = 7*s**2 - 24*s - 9. Let m(x) = -10*x**2 + 35*x + 15. Let k(b) = -5*m(b) - 7*o(b). Calculate k(10).
18
Suppose -34*s + 3*s = 139 + 16. Let q(h) = h**2 + 38*h + 161. What is q(s)?
-4
Let j be (-12)/5 - -2 - (-25455)/75. Let n = j + -340. Let p(y) = 10*y**3 - y - 1. Determine p(n).
-10
Let r(k) be the second derivative of k**5/20 - k**4/4 - k**3/3 + 9*k**2/2 - 62*k. Let d be r(3). Let c(g) = -4*g - 2. What is c(d)?
-14
Let b(m) = 3*m**2 + 2*m - 1. Let n(x) = x**3 + 4*x**2 + 4*x + 6. Let i(a) = 3*b(a) - n(a). Give i(6).
-33
Suppose 20*v - 6322 - 8898 = 0. Let l(b) = 4 + 17*b + 381*b**2 - v*b**2 + 381*b**2. Give l(-16).
-12
Let d(m) = -135 + 66*m + 153 + 4*m - 308 - 331. Calculate d(9).
9
Let j(w) = -2*w**2 - w - 9. Let q(l) = 5*l**2 + 3*l + 18. Let x(g) = 7*j(g) + 3*q(g). Let r(v) = -v**2 + 453*v + 26255. Let c be r(-52). Give x(c).
6
Let u(v) = -6*v + 7. Let k = 154 + -152. Let t(a) = -a + 1. Let m(d) = k*u(d) - 11*t(d). Determine m(4).
-1
Let r(c) be the second derivative of 4*c**2 + 1/12*c**4 - 2*c + 24 + c**3. Give r(-3).
-1
Let a(z) = -2*z**2 + 72 - 161 - 6*z + 82. Let b(h) = -5*h**2 - 18*h - 19. Let p(m) = 8*a(m) - 3*b(m). What is p(5)?
6
Let i(z) = -66 + 23 - 7*z + 27 - 2*z + 19. Determine i(-3).
30
Suppose 0 = w + 2*g - 10, -4*w - 2*g = -3*g + 5. Let n be 23/3 + (-6)/9. Let o(u) = 2 + 58*u**2 - 51*u**2 + n + u**3 + w. Give o(-7).
9
Let d(y) = y**2 - 12*y + 30. Let u = -1027 - -1036. What is d(u)?
3
Let c(f) be the second derivative of -7*f**3/6 - 43*f**2 - 2247*f. What is c(-13)?
5
Let y(x) = x**2 - 2*x + 10. Let 